ors of c?
2, 3, 11
Let t = -19 + 41. Suppose -5*r + 4*g - 1 - 24 = 0, -2*r - 10 = 2*g. List the prime factors of (r - -1)*t/(-8).
11
Let n(s) = 4*s + 6 - 9 + 6*s. What are the prime factors of n(2)?
17
Let z(k) = -k**3 + 6*k**2 + 2*k - 6. Let d be z(6). Suppose d = -t + 3*t. List the prime factors of t.
3
Suppose 13*k = 20*k - 2905. List the prime factors of k.
5, 83
Let i = -59 - -89. List the prime factors of i.
2, 3, 5
Suppose p - 3*p + 35 = 5*c, -c + 10 = p. Suppose -n = -p*n. Suppose n = m + 3, -m = -3*h + 3*m + 27. List the prime factors of h.
5
Suppose y = 3*y - 2, -4*y = -3*u - 1. Let t be u + 11 - (3 + -1). Suppose -5*f = -t*f + 20. List the prime factors of f.
2
Let w be (-2 - 7 - 3) + 4. What are the prime factors of (-723)/(-24) + 1/w?
2, 3, 5
Let g(y) = 3*y**2 - 7*y + 5. List the prime factors of g(5).
3, 5
Let m = 46 - 25. Suppose 2*a + 47 = -5*l, 0 = -5*l + 5*a + 33 - 108. Let s = l + m. What are the prime factors of s?
2, 5
Let q be 105/20*4/1. Suppose -q = 6*n - 3*n. Let u = n + 13. What are the prime factors of u?
2, 3
Suppose -2*n + 1 + 3 = 4*i, 12 = i - 5*n. Suppose -63 - i = -5*q. List the prime factors of q.
13
Suppose -5*u - 752 = -4*l, l + 3*u = 43 + 128. What are the prime factors of l?
3, 61
Let w(s) = 2*s**2 - 2*s - 5. What are the prime factors of w(3)?
7
Let r(d) be the second derivative of -4*d**3/3 - 3*d. What are the prime factors of r(-1)?
2
Suppose 3*u - 4*f = f + 42, 2*u - 6 = -4*f. Let q(h) = -h**2 + 9*h + 12. What are the prime factors of q(u)?
2, 3
Let l(d) = -d + 1. Let p(x) = -x**2 - 2*x + 5. Let t(a) = -5*l(a) + p(a). Let q be t(4). List the prime factors of (0 - -2)*(-2 - q).
2
Let t be (-2 + 1 - -1) + 3. Suppose t*j - 73 = 47. Let m = j - 27. What are the prime factors of m?
13
Suppose l + 8 = 5*l. Suppose 6*y = l*y. Suppose y*d + 21 = 3*d. List the prime factors of d.
7
Let t(l) = l**3 + 2*l**2 + 51. List the prime factors of t(0).
3, 17
Suppose 2 - 4 = 2*o. Let j be (-1 + 0/(-2))*o. Let n = j - -4. List the prime factors of n.
5
Let w = -32 - -72. What are the prime factors of w?
2, 5
Suppose -4*o - v + 137 = 0, 0*o + 2*o + 5*v - 55 = 0. List the prime factors of o.
5, 7
Let d be (-26)/(-169) - 4/26. Suppose -39 = x + 5*m - 152, 0 = -4*m + 20. Suppose d = 3*k - 3*b - 75, 0 = 5*k - b - 17 - x. What are the prime factors of k?
2, 5
Suppose 0 = 5*a + 11 - 1. Let r(x) = 2*x. Let k be r(2). Let c = k + a. List the prime factors of c.
2
Let n = -1 - 4. Let k = 9 + n. Suppose b + b = 5*s - 18, 3*b = k*s - 13. List the prime factors of s.
2
Let d(l) = 2*l**2 + 7. List the prime factors of d(3).
5
Suppose -5*s + 5*l = -15, -l + 6*l = -4*s - 24. Let g(o) = o**2 + 7*o - 12. Let c be g(-7). Let z = s - c. What are the prime factors of z?
11
Let h(w) = w**2 + w - 7. Let c be h(0). Let m = c - -12. Suppose n = -0*n + m. List the prime factors of n.
5
Let m be (8*-1)/(-4) - 0. List the prime factors of (3 - (4 - m))*7.
7
Let f be (24/(-10))/((-3)/20). List the prime factors of ((-15)/20)/((-1)/f).
2, 3
Let d = 56 + -38. Suppose 5*v = 2*c + 16, -c - 3*v = v - d. Suppose c*u - 22 = -8. List the prime factors of u.
7
Let n(x) = 3*x - 14. Let a(l) = 10*l - 43. Let d(f) = 2*a(f) - 7*n(f). Let c be (4/(-2))/((-4)/18). What are the prime factors of d(c)?
3
Let n(q) = q**3 - 23*q**2 - 19*q + 13. What are the prime factors of n(24)?
7, 19
Suppose -282 = -2*l - n - 81, -2*n = 2*l - 198. What are the prime factors of l?
2, 3, 17
Let s(h) = -2*h - 8. Let l be s(-6). Suppose 4*n = y - 14, 2*n + 83 = l*y - 15. Let j = -13 + y. What are the prime factors of j?
13
Let j be -1*3*96/(-18). Suppose 2*z - 2 = 5*z + 4*q, 2*z + 3*q = 0. Let y = j + z. What are the prime factors of y?
2, 5
Suppose s + b = 0, 1 = 4*s + 2*b - 5. Let t be s - (0 - (2 + -3)). Suppose -2*n + 6 = -t. What are the prime factors of n?
2
Let c(k) be the third derivative of -k**5/60 - 5*k**4/24 - 5*k**3/6 - k**2. Let y be c(-5). List the prime factors of (-40)/y + 2/(-1).
2, 3
Suppose 0 = 4*c - 6*c + 110. List the prime factors of c.
5, 11
Suppose -41 = -p + 5*l, -4*p + 2*l = -l - 164. What are the prime factors of p?
41
Let p(b) = b**2 + 10*b + 11. List the prime factors of p(-12).
5, 7
Let c(p) = -14*p + 7. Let v be c(9). Let t be v/(-9) - 2/9. Suppose -4*w + 5*n = -t, -2*w - 2*n - 3*n - 1 = 0. List the prime factors of w.
2
Suppose 0 = -4*t - 4*r + 20, t - 5*r = 2*t - 17. Suppose -t*c - 1 - 5 = 0. Let q(p) = p**2 - 3. What are the prime factors of q(c)?
2, 3
Let z(p) = -10*p - 8. What are the prime factors of z(-5)?
2, 3, 7
Let j(b) = 2*b - 4. Let n(d) = 4*d + 9. Let a(c) = 3*c + 8. Let g(i) = 6*a(i) - 5*n(i). Let v(h) = 5*g(h) + 6*j(h). What are the prime factors of v(6)?
3
Let y(b) = -b**3 - 29*b**2 + 26*b - 20. What are the prime factors of y(-30)?
2, 5
What are the prime factors of -4 + (-415)/((-25)/5)?
79
Suppose 0 = 3*i - 18. Let z = 10 - i. Let b = z - 2. What are the prime factors of b?
2
Let t be 2/4 + (-36)/8. Let m = t - -20. Suppose 2*q - q - m = 0. What are the prime factors of q?
2
Let b(a) = -8*a - 8. List the prime factors of b(-21).
2, 5
Let l(o) = -o**3 + 8*o**2 + 2. Let c(p) = -2*p**3 + 17*p**2 + 3. Let r(q) = -2*c(q) + 5*l(q). Let v be r(6). Let j = 1 + v. What are the prime factors of j?
5
Let n(r) = 18*r**3 + 2*r + 1. Let d be n(2). Suppose -6*o + 97 + d = 0. What are the prime factors of o?
41
Let b = 16 - 7. What are the prime factors of (0 + b - 2) + -2?
5
Let q(u) = -3*u**2 + 4*u - 5. Let o(i) = i**2 - i + 1. Let n(a) = 4*o(a) + q(a). What are the prime factors of n(2)?
3
Let q = -6 + 11. Let x(j) = -j**2 + 2*j + 4. Let z be x(q). Let k = z - -15. What are the prime factors of k?
2
Suppose 10*o - 60 = -2*o. Let p = 2 + -3. Let t = p + o. List the prime factors of t.
2
Suppose -m + 9*j = 4*j - 19, 0 = 2*m - j - 11. Suppose -f + m = -19. What are the prime factors of f?
23
Let d = -41 - -65. List the prime factors of d.
2, 3
Let a = 58 - -47. List the prime factors of a.
3, 5, 7
Let d = -32 - -24. Let w = d - -14. What are the prime factors of w?
2, 3
Let j(a) = -a**3 + 5*a**2 + 6*a + 6. Let g be j(6). Let f(k) be the first derivative of k**2/2 + 4*k - 4. What are the prime factors of f(g)?
2, 5
Suppose 4*q - 3*q = 12. What are the prime factors of q?
2, 3
Suppose 7 = 3*s + 46. Let o = s - -18. List the prime factors of o.
5
Suppose -2*c = -5*b - 12 - 13, c - 4*b = 8. List the prime factors of c.
2, 5
Let j be ((-16)/20)/((-4)/10). Let u(m) = -3 + 5*m**2 - 3*m**j + 2. List the prime factors of u(3).
17
Let i = -18 + 64. List the prime factors of i.
2, 23
Let r(d) = 2*d**3 - 14*d**2 + 2*d - 5. Let c = -9 + 1. Let s(z) = z**3 - 5*z**2 + z - 2. Let t(q) = c*s(q) + 3*r(q). What are the prime factors of t(-2)?
13
Suppose 3*o + o - 40 = -2*j, -3*o = 5*j - 72. Suppose 3*p = -j - 12. Let r = 14 + p. What are the prime factors of r?
2, 3
Let w be ((-2)/3)/(2/(-18)). Suppose 0*d = -5*d + 4*u + 63, -2*u = -w. What are the prime factors of d?
3, 5
Let u be (0 - 8)/4 - 10. Let n = -8 - u. List the prime factors of n.
2
Suppose -s + p = 0, 4*s = -p + 4*p - 3. Let a(x) = x**2 + 2*x - 3. Let n be a(s). Suppose n*c + 24 = 3*c. List the prime factors of c.
2
Suppose 11 = 5*s - 14. Suppose 0 = j - s*j + 64. List the prime factors of j.
2
Let o be 3 - 0 - (4 - 3). Let f(p) = -p + 5 + 2 - 1 - 5 + 3*p**3 - o*p**2. What are the prime factors of f(2)?
3, 5
Suppose 4*h = m + 3, h + 2*m + 0 = 3. Let w be (-4)/(-4)*(4 + h). Suppose -27 = -3*c + 5*b, -w*c = -c - 2*b - 36. What are the prime factors of c?
3
Suppose 2*u - 129 = -3*a - 3*u, -3*a + u = -129. List the prime factors of a.
43
Let y(m) = m + 16. List the prime factors of y(3).
19
Let f(z) be the first derivative of -z**4/2 - 4*z**3/3 + z**2 + 2*z - 1. Let j be f(-3). Suppose -5*w + j = -4*w. What are the prime factors of w?
2, 7
Suppose 2*p = -3*p. Suppose p*g + g = 7. What are the prime factors of g?
7
Let g(q) = -10*q + 1. Let o be g(1). Let d(v) = -v**3 - 10*v**2 - 11*v + 7. List the prime factors of d(o).
5
Let f(u) = -u**2 + 15*u + 5. List the prime factors of f(13).
31
What are the prime factors of (8/12)/(1/57)?
2, 19
Suppose -6*w + w = -845. What are the prime factors of w?
13
Let u be -7 + (0 - -1 - 0). Let d(b) = b - 12 - 3*b + 3. What are the prime factors of d(u)?
3
Let k be ((-3)/(-1) -